lculate (-8 - (-59 - -10 - -15)) + (-1 - 0).
25
Evaluate 8 + (-17 - 11) + (-5 - 0) + 3.
-22
What is the value of 0 + 0 + 10 + -10 + 16?
16
(2 - -4 - (-38 - -39)) + -7
-2
-11 - (2 - 12 - -4)
-5
Calculate (11 - 23) + (-20 - -12).
-20
Calculate 13 - (5 + -9 + 10 - -7).
0
What is (28 - 0) + -48 + 38?
18
Evaluate (3 - (-1 - (-1 - 10))) + (177 - 156).
14
What is 37 - (14 - -6) - (-2 + 8)?
11
-9 - (-11 + 20 - 11)
-7
What is the value of -50 - -34 - (-26 + 1 + -7)?
16
What is -16 - -6 - -13 - 7?
-4
What is -2 + (4 - -3) + 11 - (0 - -5)?
11
(-4 - (5 - 5) - (-7 + 2)) + 13
14
What is 9 - (4 - 2) - (-41 + (30 - 6))?
24
(11 - (11 - -6 - 0)) + (-1 - -17)
10
What is the value of -10 - -22 - (-2 - -17)?
-3
What is the value of (27 - 20) + (-6 - -3) + 3 + 2?
9
What is the value of 3 + (-3 - (-31 + 32 + (-1 - -4)))?
-4
What is the value of 9 - (24 + 2 + (-29 - -25))?
-13
Calculate 1 - (9 + -28 + 9 - -6).
5
Evaluate ((-9 - 2) + 6 - (1 + -3)) + 3.
0
Calculate -3 - (6 + 8 + -10 - -4).
-11
Evaluate (28 - 23) + 3 + -2 - -2.
8
-12 + (-2 - 0) + (-47 - -46)
-15
Calculate -44 - (-44 - -30) - -38.
8
What is the value of (5 + 8 - 3) + 8 + -43?
-25
Evaluate 1 - ((36 - 40) + (3 - 22)).
24
What is 19 + -3 - (-5 + 16)?
5
What is (-4 + 5 - -5) + -4?
2
Calculate (3 - -2 - 6) + -4 + (-3 - 4).
-12
(1 - (-10 + -3)) + 7 + (-10 - -3)
14
Evaluate -16 + (58 - 29) + 1 + -16.
-2
0 - (-7 - (1 - 9) - 7)
6
Evaluate 23 + -32 + (2 - (-2 + 0 + -6)).
1
What is the value of (82 - 86) + 2 + -23 + (2 - -3)?
-20
What is -13 - 29 - (-7 - 15 - -7)?
-27
What is 2 + -13 - (-4 + 7 + -6 + -1)?
-7
Evaluate 1 + 11 + (-34 - -32 - (2 + 0)).
8
5 - (18 + -19) - 7
-1
Evaluate -19 + (2 - 6 - ((2 - 12) + 0)).
-13
Calculate -1 - -1 - (10 - (15 - -2)) - 3.
4
Calculate (35 + 18 - 39) + 23.
37
0 + 17 - (-46 - -64)
-1
Calculate 7 - (8 + (15 + -8 - (7 - 1))).
-2
Evaluate -14 + 27 + -10 + -9 + -18 + 10.
-14
What is the value of -2 + (10 - 1 - 7) - (8 + -2)?
-6
What is the value of 10 - (-5 + -10 + 3 + (3 - 4))?
23
What is 1 + 0 + 7 + -2 + 1?
7
What is the value of -5 - ((8 - (-2 + 5 + -1)) + -4)?
-7
5 - (-6 + 7 + 0 + -13)
17
What is the value of -10 - ((4 - (7 + (-1 - 5))) + -12)?
-1
Evaluate 12 + 1 + (18 - 44 - -8).
-5
Evaluate -15 + -1 + 15 - (-1 + 9).
-9
Evaluate -4 + (-32 - -16) + 18.
-2
What is -3 + 9 + 0 + (-3 - 0) + -6?
-3
24 - -9 - 26 - 19
-12
17 + 1 - (119 + -123 - (-2 + -9))
11
What is the value of (-18 - -53) + -41 - (8 + -1)?
-13
What is the value of (7 + 2 - (32 + -6 + -7)) + 37?
27
What is the value of 7 - (5 - 11 - (-1 + -11))?
1
What is the value of -23 + 28 - (8 - (1 + 0))?
-2
-6 + (11 - 19) + 4
-10
Calculate 10 - (2 + (-3 - 1)).
12
Evaluate 80 - (-6 + 90) - (-16 + -1).
13
What is the value of -1 - ((-20 - -21) + (3 - 6 - -2))?
-1
What is 0 + -1 - (0 + -2 + -6 - -14)?
-7
Evaluate 8 - (-8 - -9) - (9 + -17).
15
What is 8 + -3 + (-2 - -1) - (6 + 11)?
-13
What is -26 + 46 + -21 + 0?
-1
Calculate 5 + (7 - -2 - 7) + -13.
-6
Calculate -6 - (9 - 3 - -3) - 11.
-26
Evaluate 10 + -12 + 14 + -19.
-7
What is -8 + -2 + -5 + 12?
-3
What is the value of 8 + -34 + 45 - 25?
-6
4 - ((5 - (7 + 9)) + 9)
6
What is the value of 1 + (-6 - -18 - -2)?
15
What is the value of (0 - 5) + -30 + 23?
-12
Calculate -10 + (-3 - -4) - -6.
-3
What is (7 - (9 + (5 - 6))) + (7 - 22)?
-16
Evaluate (1 - 25) + (5 + -13 - (-5 + 2)).
-29
What is (-11 - -7) + (-9 - -3) + 3 + 3?
-4
What is 7 + 2 + (-3 + 0 - 26)?
-20
Calculate 3 - 2 - (-5 + (8 - -7 - 9)).
0
Evaluate (3 - (1 + 6)) + -7 - (-4 + -1).
-6
Evaluate -1 + -8 + (59 - 21 - 45).
-16
Calculate 21 - (7 + 4 + -4 + 4 - 5).
15
-7 - ((19 - 26 - -49) + -13)
-36
What is the value of 11 - 13 - (-4 + -8)?
10
-25 - (-30 + 8 - 0)
-3
What is 4 + -11 + (27 - 12) + (3 - 8)?
3
What is the value of (110 - 119) + (5 - 25)?
-29
What is (-9 - 2) + (15 - (27 - 20))?
-3
Evaluate (-1 - -2) + (0 - (-19 - -18)).
2
What is (-30 - -20) + 30 + (5 - 8)?
17
What is 17 + -20 + 6 + -4?
-1
Calculate 1 - (5 - 1) - (-1 - 4).
2
Evaluate -2 + 9 + -1 + -10 + 0 - 2.
-6
What is the value of 9 - (-5 + (42 + 10 + -7 - 5))?
-26
What is the value of (0 + (-7 - -3) - -4) + 5?
5
What is the value of 24 + -6 + 0 - (-2 + 5)?
15
What is -7 + -2 + -2 - -28 - 8?
9
Evaluate -33 + -6 + 26 - 12.
-25
What is (-11 - 18 - -92) + -42?
21
Evaluate 1 + (22 - (-38 + 38)).
23
What is 0 + -5 + 0 - -12 - 14?
-7
What is the value of -2 - (17 + 6 - 9) - -5 - 5?
-16
20 - (20 + (6 - 17) + 2)
9
What is (7 - -2) + 2 + 4?
15
Calculate (8 - 11) + 34 - (2 + (7 - 0)).
22
7 - ((22 - 23) + (-1 - -1) - -6)
2
What is 7 + -23 - -8 - -1 - -3?
-4
Calculate (643 - 675 - (1 + -11)) + (-1 - -1).
-22
19 + -32 + (-9 + 13 - (1 + 0))
-10
-48 + 71 + (-3 - (-4 + 4))
20
Evaluate (-3 - -12) + 60 + -60.
9
Evaluate 14 + (2 - (-11 + 24)).
3
What is the value of 186 + -175 - (6 + -1)?
6
14 + -12 + (8 - 14)
-4
Evaluate 4 - (-3 + 5) - 10 - (-7 + 8).
-9
What is -312 + 331 - (40 - 1)?
-20
-26 - (16 - (26 + -2))
-18
What is 5 + -24 + 1 + 38?
20
Calculate 2 - (13 + 25 - 9).
-27
What is -40 + 44 + (-2 - (2 + -3))?
3
What is the value of -9 + (-7 + 6 - (-2 + (-6 - -15)))?
-17
What is the value of 15 - (7 - (19 - 16))?
11
What is -33 + (-6 - -37 - 15) + 1?
-16
What is the value of 5 + (4 - (-2 + -10)) + 20?
41
Calculate -6 + (-2 - -4) + 22 + -6 + -3.
9
Evaluate 0 + (2 - (-10 - -23 - 0)).
-11
Evaluate (2 + -2 - (-7 - -16)) + -416 + 425.
0
Evaluate 21 + -1 - (119 - 86).
-13
(-6 + 6 - (2 - (-5 + 10))) + 2
5
What is the value of 23 + (4 - 0) + 113 + -122?
18
What is 5 + 4 + -6 - 10 - -19?
12
What is -1 + 5 + (-21 - 0 - -8)?
-9
(14 - (3 + -1)) + -115 + 118
15
Evaluate (-1 - 1) + (11 - 2) + (82 - 91).
-2
Evaluate -7 - -6 - (31 + -22).
-10
What is the value of (-7 + 0 + -5 - -6) + 20?
14
What is 20 - (0 - ((5 - 6) + 13))?
32
Calculate 16 - ((5 - (-7 - (-9 + -7))) + 0).
20
What is the value of 8 - (-8 + (-7 - -18 - 7))?
12
What is 12 - -5 - (10 + -3) - (0 + 2)?
8
What is 0 + 20 - ((-26 - -26) + 5)?
15
What is the value of 8 + (-21 - -11) + -1?
-3
Evaluate -8 + -13 + (-10 - -10) + 15.
-6
Calculate (4 - 0) + (55 - 65) + -5.
-11
Evaluate 7 + ((-12 - -4) + 3 - 2 - -5).
5
What is the value of 59 + -26 + (11 - (1 - -7)) + -11?
25
What is the value of 12 + (-11 - -7) + -15 + -2?
-9
(73 - 75) + (3 - -3) + 0 + -17
-13
What is 0 - -16 - ((24 - 24) + 15)?
1
Evaluate -41 + 13 + 8 + 17.
-3
Calculate -42 + 24 + -21 + 53.
14
What is -10 + 4 + -2 - (-5 + -18 + 18)?
-3
Calculate 6 + -6 + (-19 - -33).
14
1 - ((-1 + -5 - -5) + 0 + -1)
3
Calculate 568 + -577 + -1 + -5 + -2 + -1.
-18
12 - (-10 + 23) - -2
1
Calculate 1 - ((-15 - -3) + -8).
21
Evaluate -5979 + 5954 + (4 - (-1 + 1)).
-21
Evaluate (-19 + 1 - (-46 + 48)) + 6.
-14
Evaluate (-3 + -1 + 3 - 5) + 26 + -11.
9
What is the value of -16 + 11 + 18 - -3 - (-1 - 0)?
17
Evaluate 4 - (7 + -7 + (-1 - 5 - -32)).
-22
What is (24 - 1) + (-14 + 9 - (-2 + 4))?
16
What is 152 + -160 - (0 + -12)?
4
What is the value of (-4 - (15 + -2)) + 14?
-3
What is the value of (7 + -5 - (-12 + 1)) + 24 + -26?
11
What is -5 - (-10 + (10 - 4) + 0)?
-1
Calculate 32 - ((-22 - -31) + 10 + -2).
15
What is (-2 - (-6 - -9)) + -6?
-11
Evaluate -3 - (-5 - -6 - (-8 + 2)).
-10
Calculate -18 + (57 - 29) - -5.
15
Evaluate 12 + -18 + (-7 - (-1 + 1 + -3)).
-10
Calculate 18 - (-20 - -7) - 6.
25
Calculate (-54 - -19) + 16 - 1.
-20
(20 - (-9 - -26)) + -12 - (-24 + -2)
17
What is (-19 + 1 + 5 - (-2 + -1)) + 4?
-6
Calculate 11 + (2 - (3 - (-1 - -2))) - -1.
12
What is the value of (-11 - -23 - -8) + -9?
11
12 + -9 + -2 - -9 - 14
-4
What is (0 - 28 - -27) + 7?
6
(-8 - -12 - (9 + 4)) + 12
3
Calculate -2 + 1 + 0 + -1 - (364 - 362).
-4
(-4 - 1) + (-16 - -21 - 7)
-7
What is the value of 10 + -22 + 5 + 1 + 12?
6
What is -13 + 17 - (0 + 3 - 1 - 1)?
3
What is 4 + 4 + (-17 - -24)?
15
Evaluate 3 + -11 - (2 + -7 + 2).
-5
What is the value of -8 - (1 - 1) - (-31 + 12)?
11
What is the value of 7 - (2 + 1 - (-2 + 7))?
9
Calculate (14 + -22 - -3) + -4.
-9
Calculate -7 + (-1 + -1 - (-22 + (-6 - -21))).
-2
What is the value of 4 - ((-7 - -6) + 6)?
-1
Evaluate 7 + 0 + -14 + (-5 - -18) + -4.
2
Calculate (-33 - (-14 + 8)) + 3.
-24
What is the value of (-1 + 1 - (-13 + 7 - -14)) + 0?
-8
What is -15 - (8 - (53 + -26))?
4
What is -4 - 0 - (-18 - (-17 - 5))?
-8
Evaluate -15 + -6 + 5 - (-6 + 9 + -4).
-15
Evaluate -4 - (-12 + 9 - -15) -